m(6). Suppose -22 = -2*o + a*i, -i + 3 = 5*o - 8. What are the prime factors of o?
3
Let s be 3*(0 - 1/3). Let u(w) = -27*w**3 - w. What are the prime factors of u(s)?
2, 7
Let j(l) = 2*l**2 - l - 3. Let v be j(-3). Let b = v - 10. List the prime factors of b.
2
Let h(p) = p + 14. Let j be h(-7). Suppose 3*i - j = 5. Suppose -28 = -i*d + 4. List the prime factors of d.
2
Suppose -w + 16 = -6. What are the prime factors of w?
2, 11
List the prime factors of ((-22)/3)/((-2)/(-135)*-5).
3, 11
Suppose 5*b - 24 = 2*b. Let t = -2 + 4. Let r = b - t. List the prime factors of r.
2, 3
Suppose -3*a + 7*a = 0. Suppose a = 2*x - 5*g - 11, 4 = g + 1. List the prime factors of x.
13
Suppose 5*h - 2*h = 39. Let x = -8 + h. Suppose -27 - 13 = -x*m + 5*s, m - 12 = 2*s. List the prime factors of m.
2
Let u = -11 + 17. List the prime factors of -75*((-8)/u + 1).
5
Let t(o) = -2*o + 8. Suppose 0 = 3*l - 5*l - 18. List the prime factors of t(l).
2, 13
Let d(b) = 3*b**2 + 9*b + 6. What are the prime factors of d(-5)?
2, 3
Let t(p) = -p**3 - 3*p**2 + 2*p + 2. Let v be t(-2). What are the prime factors of ((-2)/v)/(1/9)?
3
List the prime factors of -3 + -3*74/(-6).
2, 17
Let n be (-2)/((-1)/(6/4)). Let a(o) be the second derivative of -o**5/20 + o**4/4 + 2*o**3/3 - 9*o. List the prime factors of a(n).
2, 3
Let n be ((-15)/(-4))/(1/4). Let p be 12*(n/6 + -1). Let h = p + -11. What are the prime factors of h?
7
Suppose 0 = -j + 4*n + 25, -2*j + 24 = j + 5*n. What are the prime factors of j?
13
Suppose -2*j = -2*a + 48, 4*a - 60 = 3*j + 40. Suppose q - a = -q. List the prime factors of q.
2, 7
Let d(s) = s**3 + 5*s**2 + 4*s - 1. Let t be d(-4). List the prime factors of (t + -2)*-1 - 1.
2
Let n(v) = 9*v - 1. Let i be n(2). Suppose -5*f = -72 + i. List the prime factors of f.
11
Let p = 104 - 70. What are the prime factors of p?
2, 17
Let y(t) = t**2 + 3*t + 2. Let p(i) = -i**3 - 10*i**2 - 8*i + 4. Let u be p(-9). What are the prime factors of y(u)?
2, 3
Suppose -f + 3*f + 2 = 0. Let p be (f + -1)/(1/(-4)). Suppose -s - p = -5*s. List the prime factors of s.
2
Let c = -5 - -213. Suppose 4*n - c = -0*j - 5*j, j = -5*n + 260. Suppose 0 = -4*v + n - 20. What are the prime factors of v?
2
Let r(x) = 4 + 2*x + 12*x + 5*x - 5. What are the prime factors of r(1)?
2, 3
Let o = 522 + -335. What are the prime factors of o?
11, 17
List the prime factors of (1068/(-36))/((-1)/3).
89
Suppose -4*l + 3 = -0*l + 3*t, 12 = 3*l - t. Suppose n = -l*n + 88. What are the prime factors of n?
2, 11
Let t be 14 + (0 - (-2 - 0)). Suppose -w - 2*q + t = 0, 0 = -0*w - 3*w - 3*q + 36. Let d = -1 + w. What are the prime factors of d?
7
Let y be 2/(-5) - 82/(-5). Let o = 2 + 1. Suppose j = -o*j + y. What are the prime factors of j?
2
Suppose -96 - 33 = -3*s. Suppose 3*w + 44 = -d - 39, -d + 73 = -3*w. Let b = s + w. List the prime factors of b.
17
Let j be (0/2)/(2 - -1). Suppose q + 4*q - 45 = j. List the prime factors of q.
3
Let m = -4 - -2. Let s = 12 + -17. Let q = m - s. What are the prime factors of q?
3
Let p = 208 + -77. What are the prime factors of p?
131
Suppose -2*f = 4*b + 2*f - 472, -5*b - 3*f = -594. List the prime factors of b.
2, 3, 5
Let p = 50 + -17. What are the prime factors of p?
3, 11
Let t = 13 + -9. Suppose -1 = -t*d - 21, 0 = 4*f + 5*d - 7. List the prime factors of f.
2
Let l be 6*(-1 - (-12)/9). Let z be (-1)/((-1)/4*l). Suppose z*x + 5 = 15. What are the prime factors of x?
5
Suppose 3*l - p = -23, 14 = 3*p - 1. What are the prime factors of -3*1/2*l?
3
Let b = 25 - 20. Let a = 21 + b. What are the prime factors of a?
2, 13
Let s(i) = 11*i - 10 - 3 + 7. What are the prime factors of s(4)?
2, 19
Let n(z) = 13*z**2 - 4*z + 3. List the prime factors of n(2).
47
Suppose i - 8 = -2*c + 3*i, -6 = -4*c + 2*i. Let w be 7*(2/1 + c). Suppose -5*x + g + 49 = 0, x - 5*g - w = -2. List the prime factors of x.
2, 5
Suppose 0 = 5*i, f - 3*i - i = 2. Suppose -5*v = -3*z - 69, f*z - 5*z + 6 = 0. What are the prime factors of v?
3, 5
Suppose -2*t + 148 = 4*h, 3*h - 7*t + 4*t - 102 = 0. Let a(k) = -k**2 + 3*k + 11. Let u be a(5). List the prime factors of (h/(-30))/(u/(-5)).
2, 3
Let f be 0/6 - 1*13. Let n(y) = -4*y - 7. What are the prime factors of n(f)?
3, 5
Let m(y) = 0 - 5*y**2 + y**3 + 2*y**2 + 4. List the prime factors of m(3).
2
Suppose 0 = f - 5*z - 45, 76 + 19 = f + 5*z. Suppose -4*l + 6*l - f = 0. What are the prime factors of l?
5, 7
Suppose 3*m - 4 = 29. Suppose 3*f = -m - 4. List the prime factors of 146/10 - 2/f.
3, 5
Let w be (-2)/1 + (3 - 36). Let k = w - -52. List the prime factors of k.
17
What are the prime factors of (-963)/(-15) - (-4)/(-20)?
2
Let y = -27 + 15. Let b = y - -20. List the prime factors of b.
2
Let r be (-3)/((-3)/(-25)) - 1. Let v = -17 - r. List the prime factors of v.
3
Suppose 6*t = t + 390. What are the prime factors of t?
2, 3, 13
Suppose 5*i + 6*i = 737. What are the prime factors of i?
67
Let o(y) = -y**2 + 3*y + 3. Let z be o(-2). What are the prime factors of 0 - z - (2 - 2)?
7
Let y = 6 - -4. List the prime factors of y.
2, 5
Suppose -5*s + 4*i = 0, 5*i = -s + i. Suppose s = p + 3*p. Suppose -a + 18 = 3*g + 4, p = -3*g + 12. What are the prime factors of a?
2
Let m(h) = h + 3. Let k be m(-3). Suppose 0*g = -4*g + q + 37, k = 5*q + 25. List the prime factors of g.
2
Let f = 8 + -3. Suppose -s + r = 4*s - 36, f*s - 44 = -r. What are the prime factors of s?
2
Let a(o) = 8*o**3 - 2*o + 1. List the prime factors of a(1).
7
Let p(o) be the first derivative of -o**4/4 + 2*o**3/3 - 2*o**2 + 6*o + 1. Let i be p(-5). List the prime factors of 2/(-5) + i/15.
13
Let r(w) = -w**2 + 9*w + 8. Let n be r(10). List the prime factors of 13 - 2/(n - -4).
2, 3
Let u be (-4)/10 + (-2)/(-5). Suppose -5*p + 4*x - 125 = u, 3*p + 0*x = 3*x - 78. Let s = -12 - p. What are the prime factors of s?
3
Let o = 53 + 11. List the prime factors of o.
2
Let s(b) = b**2 + 2. Suppose 4*q + 7*i - 3*i - 24 = 0, 5*q = -2*i + 21. Let d = 6 - q. What are the prime factors of s(d)?
11
Suppose 156 = 7*m - 47. List the prime factors of m.
29
Let b = 3 + -7. Let v(h) = -6*h**3 + h**2 - 1. Let f be v(-1). Let p = f + b. What are the prime factors of p?
2
Let g(j) = 48*j**2 - 2*j + 4. What are the prime factors of g(2)?
2, 3
Suppose 0 = -12*q + 140 + 772. List the prime factors of q.
2, 19
Let n(q) = -q**2 - 10*q - 8. Let i be n(-9). Let j(a) = 12*a**3 + 2*a**2 - 2*a + 1. List the prime factors of j(i).
13
Let o be ((-16)/6)/(2/(-3)). Suppose o*m - 20 = -4*i, -2*i + 4 = m - 0*m. Suppose -4*h - 11 = -l - h, 4*h + m = -3*l. List the prime factors of l.
2
Suppose -5*r + 2*r = 0. Let b(n) = n + 9. List the prime factors of b(r).
3
Suppose -20 = -5*p + 3*p. Let a be 5/(30/(-9))*p. Let o = 32 + a. What are the prime factors of o?
17
Let s(q) = -q**3 - 3*q**2 + 6*q + 7. What are the prime factors of s(-6)?
79
Suppose 2*i + 3*i = 20. Let q = 6 - i. What are the prime factors of 2/4 + 13/q?
7
Suppose 0*r - 5*r = -h + 5, -4*r - 4 = h. Let q = 15 + 6. What are the prime factors of r/((-1)/(q/3))?
7
Suppose 3*m - 19 - 14 = 5*l, 21 = -4*l - 3*m. Let x be (0 + -1)/(2/l). Suppose 2*o - 31 = -x. List the prime factors of o.
2, 7
Let d = -26 - -16. List the prime factors of d*(-3)/((-6)/(-2)).
2, 5
Let f = -18 - -192. List the prime factors of f.
2, 3, 29
Let u(m) = m**2 + 2 + 3 - 4 - 3 - 5*m. Let p be u(6). List the prime factors of -2*(-5)/8*p.
5
Suppose 0*v + 3*v = 6, -2*z + 3*v = -322. What are the prime factors of z?
2, 41
Suppose -231 = -31*c + 28*c. What are the prime factors of c?
7, 11
Let z be ((-42)/15)/((-1)/(-5)). Suppose -v + 6 = -4*x, -v + 2*x = -5*v + 114. Let l = z + v. What are the prime factors of l?
2, 3
Suppose 0 = 4*h - 3*b - 505 + 32, -25 = -5*b. Suppose 3*o - h = -o + 2*n, 35 = o - 5*n. What are the prime factors of o?
2, 3, 5
Let u = 66 - 26. List the prime factors of u.
2, 5
Suppose -2*k + 2*v + 82 = 0, 2*k + 6*v = v + 82. Let s = -28 + k. What are the prime factors of s?
13
Let z = -112 + 187. List the prime factors of z.
3, 5
Let a be ((-3)/(-2))/(3/(-20)). Let m be 36/30*a/(-4). Let f = m + 3. What are the prime factors of f?
2, 3
Suppose -4*i - 6 = -i. List the prime factors of (-7)/14 + (-19)/i.
3
Suppose 4*x + 45 = 209. Let z = -21 + x. What are the prime factors of z?